s divided by 196?
194
Calculate the remainder when 302 is divided by 21.
8
What is the remainder when 1334 is divided by 15?
14
Calculate the remainder when 749 is divided by 123.
11
Calculate the remainder when 3701 is divided by 39.
35
Calculate the remainder when 619 is divided by 10.
9
Calculate the remainder when 86 is divided by 28.
2
What is the remainder when 17494 is divided by 243?
241
Calculate the remainder when 236 is divided by 75.
11
What is the remainder when 7068 is divided by 10?
8
Calculate the remainder when 337 is divided by 49.
43
Calculate the remainder when 171 is divided by 32.
11
Calculate the remainder when 233 is divided by 77.
2
Calculate the remainder when 160 is divided by 112.
48
What is the remainder when 4724 is divided by 7?
6
What is the remainder when 20354 is divided by 18?
14
What is the remainder when 1143 is divided by 45?
18
What is the remainder when 73 is divided by 38?
35
Calculate the remainder when 142 is divided by 29.
26
What is the remainder when 410 is divided by 32?
26
Calculate the remainder when 105 is divided by 7.
0
What is the remainder when 2572 is divided by 7?
3
Calculate the remainder when 188 is divided by 86.
16
What is the remainder when 442 is divided by 71?
16
What is the remainder when 2082 is divided by 257?
26
What is the remainder when 5397 is divided by 52?
41
What is the remainder when 340 is divided by 60?
40
Calculate the remainder when 344 is divided by 89.
77
Calculate the remainder when 119 is divided by 11.
9
Calculate the remainder when 4348 is divided by 19.
16
What is the remainder when 323 is divided by 18?
17
What is the remainder when 117 is divided by 108?
9
Calculate the remainder when 637 is divided by 86.
35
Calculate the remainder when 56 is divided by 41.
15
Calculate the remainder when 97 is divided by 20.
17
Calculate the remainder when 234 is divided by 16.
10
Calculate the remainder when 3122 is divided by 17.
11
Calculate the remainder when 432 is divided by 29.
26
What is the remainder when 1131 is divided by 311?
198
Calculate the remainder when 20 is divided by 15.
5
Calculate the remainder when 159 is divided by 141.
18
Calculate the remainder when 136 is divided by 28.
24
Calculate the remainder when 2615 is divided by 97.
93
What is the remainder when 139 is divided by 10?
9
What is the remainder when 3767 is divided by 5?
2
Calculate the remainder when 46 is divided by 7.
4
What is the remainder when 38 is divided by 1?
0
Calculate the remainder when 2558 is divided by 111.
5
Calculate the remainder when 76 is divided by 50.
26
What is the remainder when 110 is divided by 54?
2
What is the remainder when 373 is divided by 6?
1
What is the remainder when 1258 is divided by 366?
160
What is the remainder when 392 is divided by 120?
32
Calculate the remainder when 1618 is divided by 56.
50
Calculate the remainder when 1305 is divided by 102.
81
What is the remainder when 1515 is divided by 69?
66
Calculate the remainder when 238 is divided by 49.
42
What is the remainder when 180 is divided by 56?
12
Calculate the remainder when 9131 is divided by 228.
11
What is the remainder when 646 is divided by 6?
4
What is the remainder when 252 is divided by 201?
51
What is the remainder when 138 is divided by 20?
18
Calculate the remainder when 1824 is divided by 25.
24
What is the remainder when 4314 is divided by 117?
102
What is the remainder when 255 is divided by 47?
20
Calculate the remainder when 2741 is divided by 17.
4
What is the remainder when 225 is divided by 34?
21
Calculate the remainder when 215 is divided by 9.
8
Calculate the remainder when 1883 is divided by 44.
35
Calculate the remainder when 8890 is divided by 4439.
12
Calculate the remainder when 150 is divided by 30.
0
What is the remainder when 566 is divided by 188?
2
Calculate the remainder when 141 is divided by 70.
1
Calculate the remainder when 1730 is divided by 43.
10
What is the remainder when 340 is divided by 52?
28
What is the remainder when 248 is divided by 32?
24
Calculate the remainder when 978 is divided by 70.
68
Calculate the remainder when 52 is divided by 16.
4
Calculate the remainder when 98 is divided by 39.
20
Calculate the remainder when 190 is divided by 49.
43
Calculate the remainder when 223 is divided by 6.
1
Calculate the remainder when 280 is divided by 112.
56
Calculate the remainder when 959 is divided by 187.
24
Calculate the remainder when 464 is divided by 155.
154
Calculate the remainder when 195 is divided by 33.
30
Calculate the remainder when 222 is divided by 15.
12
What is the remainder when 534 is divided by 36?
30
What is the remainder when 321 is divided by 46?
45
Calculate the remainder when 274 is divided by 106.
62
What is the remainder when 247 is divided by 2?
1
Calculate the remainder when 777 is divided by 16.
9
What is the remainder when 165 is divided by 14?
11
What is the remainder when 197 is divided by 18?
17
What is the remainder when 155 is divided by 12?
11
What is the remainder when 169 is divided by 57?
55
Calculate the remainder when 108 is divided by 23.
16
Calculate the remainder when 61 is divided by 4.
1
Calculate the remainder when 1322 is divided by 60.
2
Calculate the remainder when 330 is divided by 30.
0
What is the remainder when 79 is divided by 27?
25
Calculate the remainder when 2053 is divided by 103.
96
What is the remainder when 158 is divided by 24?
14
What is the remainder when 26 is divided by 6?
2
Calculate the remainder when 210 is divided by 62.
24
Calculate the remainder when 861 is divided by 72.
69
What is the remainder when 412 is divided by 22?
16
What is the remainder when 184 is divided by 50?
34
Calculate the remainder when 5494 is divided by 609.
13
What is the remainder when 1554 is divided by 40?
34
Calculate the remainder when 62097 is divided by 25.
22
What is the remainder when 1359 is divided by 271?
4
Calculate the remainder when 285 is divided by 26.
25
What is the remainder when 4465 is divided by 372?
1
Calculate the remainder when 219 is divided by 55.
54
Calculate the remainder when 529 is divided by 98.
39
What is the remainder when 542 is divided by 32?
30
What is the remainder when 647 is divided by 6?
5
Calculate the remainder when 748 is divided by 25.
23
Calculate the remainder when 850 is divided by 124.
106
Calculate the remainder when 19053 is divided by 24.
21
Calculate the remainder when 28663 is divided by 35.
33
Calculate the remainder when 191 is divided by 104.
87
What is the remainder when 360 is divided by 19?
18
Calculate the remainder when 48 is divided by 7.
6
Calculate the remainder when 682 is divided by 674.
8
What is the remainder when 938 is divided by 10?
8
What is the remainder when 104 is divided by 59?
45
What is the remainder when 4094 is divided by 3?
2
What is the remainder when 158 is divided by 80?
78
What is the remainder when 335 is divided by 164?
7
Calculate the remainder when 1361 is divided by 270.
11
Calculate the remainder when 1075 is divided by 36.
31
Calculate the remainder when 138 is divided by 41.
15
Calculate the remainder when 735 is divided by 39.
33
Calculate the remainder when 224 is divided by 45.
44
What is the remainder when 123 is divided by 1?
0
Calculate the remainder when 261 is divided by 6.
3
Calculate the remainder when 1478 is divided by 114.
110
What is the remainder when 8490 is divided by 2826?
12
Calculate the remainder when 44698 is divided by 15.
13
Calculate the remainder when 913 is divided by 451.
11
Calculate the remainder when 13392 is divided by 19.
16
Calculate the remainder when 407 is divided by 57.
8
What is the remainder when 63 is divided by 24?
15
What is the remainder when 76 is divided by 27?
22
Calculate the remainder when 36 is divided by 16.
4
Calculate the remainder when 983 is divided by 41.
40
Calculate the remainder when 94 is divided by 52.
42
What is the remainder when 4755 is divided by 1581?
12
What is the remainder when 147 is divided by 128?
19
What is the remainder when 632 is divided by 60?
32
Calculate the remainder when 702 is divided by 15.
12
Calculate the remainder when 656 is divided by 35.
26
Calculate the remainder when 225 is divided by 82.
61
Calculate the remainder